isor of h and 4?
4
Suppose 132*w - 141*w = -45. Suppose 3*r = 5*y + 303, -4*r + 3*y - 2*y + 404 = 0. Suppose -5*b + 24 = -r. What is the greatest common divisor of b and w?
5
Let y(x) = -210*x**3 - 3*x**2 + 74*x + 151. Let z be y(-2). What is the greatest common divisor of z and 3?
3
Let x = 4140 - 1445. Calculate the greatest common factor of x and 5.
5
Let h(g) = g**2 - 8*g - 15. Let t be h(9). Let s be ((-110)/t - 16/(-24)) + 1. Let x = -39 - -59. What is the greatest common factor of x and s?
20
Suppose 4*i - 135 = l - 50, 3*i + 4*l = 40. Calculate the greatest common factor of 3940 and i.
20
Let a(h) = -h**3 + 8*h**2 - 10*h - 5. Let n be a(5). Suppose 7*i + 51 = 8*i. Suppose 0 = w - i + 1. What is the greatest common divisor of n and w?
10
Let f be ((-88)/(-5))/(26/52)*5. Let j be 3059/138 - (-2)/(-12). What is the greatest common divisor of f and j?
22
Let j(k) = 2*k**2 + 7*k - 17. Let x be j(-7). Suppose -x*o - 14 = -34*o. What is the highest common divisor of o and 2?
1
Suppose -x + 260 + 50 = -m, 5*m = 25. What is the greatest common factor of 35 and x?
35
Suppose 130 = -3*a - 2*a + 2*j, -4*j = 0. Let u = a - -194. What is the greatest common divisor of 21 and u?
21
Let h = 23 + -13. Let i(p) = -4*p + 18. Let y be i(4). Suppose 6*a - 204 = a + y*w, -4*a = 3*w - 154. Calculate the greatest common factor of a and h.
10
Suppose 323*b + 192000 = 347*b. What is the highest common divisor of b and 24?
8
Let z(q) = -2*q**3 - 55*q**2 - 30*q - 65. Let b be z(-27). Let d = -1 + 5. Suppose 264 = d*g - 440. What is the highest common factor of b and g?
16
Suppose -6*v + 274 + 146 = 0. Calculate the greatest common divisor of v and 160.
10
Let v = -29727 + 30111. What is the highest common divisor of 372 and v?
12
Let g(q) = -211*q - 828. Let i be g(-4). What is the greatest common factor of i and 944?
16
Let f(n) = -1059*n - 2002. Let o be f(-2). Calculate the greatest common divisor of 319 and o.
29
Suppose 14 = 3*s + 4*w, 4*w - 8 = -s + w. Let p = 8 - s. Suppose 0 = -p*b + 856 + 104. What is the greatest common divisor of b and 20?
20
Let c be (-5206)/(-31) - (-16 - 4940/(-310)). Suppose -180 = -3*i - o, 0*i - 120 = -2*i + o. Calculate the highest common divisor of c and i.
12
Suppose -15 - 1 = -2*w. Let c be (1 + 2)*(7 - (-52)/(-12)). Calculate the highest common divisor of w and c.
8
Let o(r) = 6*r**2 - 5*r + 4. Let u be o(2). Suppose -4*p + 102 = 5*c, -4*p - 5*c + 104 = -c. Let d = 46 - p. Calculate the highest common factor of u and d.
18
Let a(v) = -6*v - 18. Suppose 3*w - 7*w - 4*o + 28 = 0, 2*w - o = 11. Let q be -3*((-40)/w)/(-2). Let n be a(q). What is the highest common divisor of 21 and n?
21
Let h be -6 - 1*-2 - (-26)/13. Let a be (h - -11)/((-3)/(-9)). What is the highest common divisor of 513 and a?
27
Suppose 2*o + 2 = -2*x, 5*o = -0*x + 3*x - 13. Let c be (2 + (10 - -2))*x. What is the greatest common factor of c and 2?
2
Suppose 0 = 3*o + 4*s + 37 - 254, -2*o - 2*s + 146 = 0. Suppose 18*a - o = 285. Let c be 3*16/(-6)*-5. What is the greatest common divisor of c and a?
20
Let o be 80/28*(5 + 106/4). Suppose 5*v = 3*c - 15, -3*v = 5*c + 4 - 29. Suppose v = 70*t - 67*t - o. Calculate the greatest common factor of t and 30.
30
Suppose -2*t = 3*u - 1922, -635 = -u - 33*t + 38*t. What is the greatest common factor of 3712 and u?
128
Let a(d) = -13*d - 28*d + 19*d + 20*d**2 - 12 + d**3. Let l be a(-21). Suppose -2*q + 21 = 2*g - 7*g, 3*g = -l. Calculate the highest common divisor of q and 6.
3
Suppose 2*s = -6*s - 424. Let p = 209 + s. What is the highest common factor of 117 and p?
39
Let p(g) = 43*g - 897. Let o be p(21). Let u = -8 - -11. Let m be (-1 - (u + -2))/(-1). What is the greatest common divisor of o and m?
2
Suppose 12*y - 198103 = 173681. Calculate the greatest common divisor of y and 14.
14
Suppose 5*l + 4*v - 248 = 0, 3*v = -0*v + 6. Suppose -3*d - 48 = -4*o, -d = -32*o + 34*o - 14. Calculate the highest common factor of o and l.
3
Let f be (-132435)/(-1053) - (-6)/26. Calculate the highest common divisor of 56 and f.
14
Suppose 3*l = 3*p - 2232, -4*p = -3*l + l - 1488. Let f be 3/5 + l/(-10). Calculate the highest common factor of 100 and f.
25
Let s be -7*(-1)/(3 - (1 - -1)). Suppose -s*f + 15*f = 4160. Let w be (-2)/(-11) - (f/(-44) - -4). What is the greatest common factor of 1 and w?
1
Let n be 444/18*72/16. Calculate the highest common divisor of n and 2368.
37
Let t(a) = -2*a + 59. Let y be -5 - (0 - 2)*5/(-5). Let x be t(y). What is the greatest common divisor of x and 73?
73
Suppose 0 = -9*g - 6*g + 525. Calculate the greatest common divisor of 5355 and g.
35
Let d be 2 + 208/20 - (-4)/(-10). Suppose -2*b - d = -48. Suppose -13 = -p + 14. Calculate the highest common factor of p and b.
9
Let l = 54 + -47. Suppose 4*g = 2*s + 544, -l*g + 8*g + 4*s = 136. What is the highest common factor of 34 and g?
34
Let r(a) = 2*a**3 + 111*a**2 + 40*a + 1061. Let k be r(-55). What is the greatest common divisor of 253 and k?
23
Suppose -144 - 430 = -7*t. Let p = 115 - t. What is the greatest common factor of 165 and p?
33
Suppose 381 + 879 = 10*m. What is the highest common divisor of m and 5922?
126
Let i(l) = -13*l + 91 + l**2 - 10*l + 52*l - 16*l. Let u be i(-6). What is the highest common factor of u and 112?
7
Let c be (-18 + 828/45)/(0 + 3/210). What is the highest common divisor of 2219 and c?
7
Let r = -3952 - -4032. What is the highest common divisor of r and 20?
20
Let x be -3*(9/27 - 0). Suppose -8*a + 75 = -13*a. Let b be (x - 11/5)*a. Calculate the highest common divisor of 24 and b.
24
Suppose 24*c - 194 - 2326 = 0. Calculate the greatest common divisor of 3717 and c.
21
Let x be ((-5)/(-3) - 32/48) + -4. Let i be -35 + x + (-4)/1. Let h be i/12*(-84)/1. What is the highest common factor of 42 and h?
42
Let j = 9220 - 9203. What is the highest common divisor of 2329 and j?
17
Suppose 179*m - 130 = 166*m. Calculate the highest common divisor of 4865 and m.
5
Let y = -13825 + 17038. What is the highest common divisor of y and 36?
9
Suppose -4*j = 4*u - 104, 123*u + 34 = 2*j + 122*u. Calculate the highest common factor of j and 20.
20
Suppose 4*n + 4100 = 3*x, -2*x + 832 = -3*n - 1903. Calculate the greatest common divisor of 240 and x.
80
Suppose 4*t + 5*l - 20 = 0, 2*l - 6 = -3*t + 2. Suppose t = 9*g - 75 - 24. Suppose 46 - g = 7*b. Calculate the highest common factor of 3 and b.
1
Suppose 154 = 3*n - 35*d + 33*d, -3*d - 42 = -n. What is the highest common divisor of n and 837?
27
Let t(n) = n**2 + 5*n. Let f be t(-4). Let u be f*(1 - (12 - 1)). Let x(r) = -183*r + 6596. Let o be x(36). What is the greatest common factor of u and o?
8
Let i(o) = 3*o**3 + 31*o**2 + 8*o + 26. Let a be i(-10). Calculate the highest common factor of a and 1978.
46
Let g(t) = -3*t**3 + 6*t**2 + 13*t - 10. Let m be g(-5). What is the greatest common factor of m and 720?
90
Suppose 5*m - 3*f + 22280 = 115753, m = 2*f + 18682. Calculate the greatest common factor of m and 88.
44
Let a = -207 - -57. Let u = -85 - a. Let s = u - -89. What is the greatest common divisor of s and 22?
22
Let q(j) = 0*j**3 + j**3 + j**2 - 17*j + 8861 - 8758. Let x be q(5). What is the greatest common factor of x and 96?
24
Suppose 0 = 10*d - 65*d + 1320. Let r be -4 - (-678)/d - 9/(-12). Calculate the greatest common factor of 60 and r.
5
Suppose 0 = -g + 49 + 157. Suppose 0 = 9*s - g - 523. Calculate the highest common factor of 54 and s.
27
Suppose 10*f - 30787 = 5733. Calculate the highest common divisor of f and 88.
44
Let f be ((-7)/(343/560))/(6/(-21)). Let u be (1 - 3)/((-10)/f). Calculate the greatest common factor of 344 and u.
8
Let d = -11 + 10. Let b be 63 - (0/d)/(-4). Let z(u) = -16*u + 37. Let m be z(1). What is the highest common factor of m and b?
21
Let d be (-2)/8 - 272/(-64). Suppose -4*b = -b - d*b. Suppose -v + 6*v + 5*t - 55 = b, -5*t - 1 = -3*v. Calculate the greatest common divisor of v and 21.
7
Let g be (-936)/(-18) - (0 + (-10)/45 - (-16)/(-9)). Let h(w) = 8*w**3 + 5*w**2 - 2*w - 3. Let u be h(3). What is the highest common factor of g and u?
18
Suppose 3*o + 29*w - 27*w = 263, 4*o - 4*w - 324 = 0. Suppose 5*q + 45*x - o = 42*x, -q - 4*x + 34 = 0. Calculate the highest common factor of q and 119.
7
Suppose -56*q + 28077 + 36